{"id":73486,"date":"2026-03-03T19:20:07","date_gmt":"2026-03-03T19:20:07","guid":{"rendered":"https:\/\/passionvibes.pl\/?post_type=product&#038;p=73486"},"modified":"2026-03-07T13:20:33","modified_gmt":"2026-03-07T13:20:33","slug":"longsleeve-sport","status":"publish","type":"product","link":"https:\/\/passionvibes.pl\/index.php\/product\/longsleeve-sport\/","title":{"rendered":"Longsleeve Sport"},"content":{"rendered":"<p><span data-sheets-root=\"1\">Top dziewcz\u0119cy z d\u0142ugim r\u0119kawem. Wykonany z mi\u0119kkiego, oddychaj\u0105cego materia\u0142u, idealnie dopasowuje si\u0119 do cia\u0142a, zapewniaj\u0105 pe\u0142n\u0105 swobod\u0119 ruch\u00f3w. <\/span><\/p>\n","protected":false},"excerpt":{"rendered":"<p><span data-sheets-root=\"1\">Materia\u0142: lycra fitnessowa, matowa, mi\u0119kka, z delikatnym meszkiem bardzo przyjemna dla cia\u0142a.<\/span><\/p>\n","protected":false},"featured_media":74251,"comment_status":"open","ping_status":"closed","template":"","meta":{"site-sidebar-layout":"default","site-content-layout":"","ast-site-content-layout":"default","site-content-style":"default","site-sidebar-style":"default","ast-global-header-display":"","ast-banner-title-visibility":"","ast-main-header-display":"","ast-hfb-above-header-display":"","ast-hfb-below-header-display":"","ast-hfb-mobile-header-display":"","site-post-title":"","ast-breadcrumbs-content":"","ast-featured-img":"","footer-sml-layout":"","ast-disable-related-posts":"","theme-transparent-header-meta":"default","adv-header-id-meta":"","stick-header-meta":"","header-above-stick-meta":"","header-main-stick-meta":"","header-below-stick-meta":"","astra-migrate-meta-layouts":"set","ast-page-background-enabled":"default","ast-page-background-meta":{"desktop":{"background-color":"var(--ast-global-color-4)","background-image":"","background-repeat":"repeat","background-position":"center center","background-size":"auto","background-attachment":"scroll","background-type":"","background-media":"","overlay-type":"","overlay-color":"","overlay-opacity":"","overlay-gradient":""},"tablet":{"background-color":"","background-image":"","background-repeat":"repeat","background-position":"center center","background-size":"auto","background-attachment":"scroll","background-type":"","background-media":"","overlay-type":"","overlay-color":"","overlay-opacity":"","overlay-gradient":""},"mobile":{"background-color":"","background-image":"","background-repeat":"repeat","background-position":"center center","background-size":"auto","background-attachment":"scroll","background-type":"","background-media":"","overlay-type":"","overlay-color":"","overlay-opacity":"","overlay-gradient":""}},"ast-content-background-meta":{"desktop":{"background-color":"var(--ast-global-color-5)","background-image":"","background-repeat":"repeat","background-position":"center center","background-size":"auto","background-attachment":"scroll","background-type":"","background-media":"","overlay-type":"","overlay-color":"","overlay-opacity":"","overlay-gradient":""},"tablet":{"background-color":"var(--ast-global-color-5)","background-image":"","background-repeat":"repeat","background-position":"center center","background-size":"auto","background-attachment":"scroll","background-type":"","background-media":"","overlay-type":"","overlay-color":"","overlay-opacity":"","overlay-gradient":""},"mobile":{"background-color":"var(--ast-global-color-5)","background-image":"","background-repeat":"repeat","background-position":"center center","background-size":"auto","background-attachment":"scroll","background-type":"","background-media":"","overlay-type":"","overlay-color":"","overlay-opacity":"","overlay-gradient":""}}},"product_brand":[],"product_cat":[40],"product_tag":[],"class_list":{"0":"post-73486","1":"product","2":"type-product","3":"status-publish","4":"has-post-thumbnail","6":"product_cat-stroje-dzieciece-pole-dance-aerial","7":"desktop-align-center","8":"tablet-align-left","9":"mobile-align-left","11":"first","12":"instock","13":"shipping-taxable","14":"purchasable","15":"product-type-variable"},"_links":{"self":[{"href":"https:\/\/passionvibes.pl\/index.php\/wp-json\/wp\/v2\/product\/73486","targetHints":{"allow":["GET"]}}],"collection":[{"href":"https:\/\/passionvibes.pl\/index.php\/wp-json\/wp\/v2\/product"}],"about":[{"href":"https:\/\/passionvibes.pl\/index.php\/wp-json\/wp\/v2\/types\/product"}],"replies":[{"embeddable":true,"href":"https:\/\/passionvibes.pl\/index.php\/wp-json\/wp\/v2\/comments?post=73486"}],"wp:featuredmedia":[{"embeddable":true,"href":"https:\/\/passionvibes.pl\/index.php\/wp-json\/wp\/v2\/media\/74251"}],"wp:attachment":[{"href":"https:\/\/passionvibes.pl\/index.php\/wp-json\/wp\/v2\/media?parent=73486"}],"wp:term":[{"taxonomy":"product_brand","embeddable":true,"href":"https:\/\/passionvibes.pl\/index.php\/wp-json\/wp\/v2\/product_brand?post=73486"},{"taxonomy":"product_cat","embeddable":true,"href":"https:\/\/passionvibes.pl\/index.php\/wp-json\/wp\/v2\/product_cat?post=73486"},{"taxonomy":"product_tag","embeddable":true,"href":"https:\/\/passionvibes.pl\/index.php\/wp-json\/wp\/v2\/product_tag?post=73486"}],"curies":[{"name":"wp","href":"https:\/\/api.w.org\/{rel}","templated":true}]}}